git of 5430886?
3
What is the thousands digit of 900645?
0
What is the ten thousands digit of 1622790?
2
What is the tens digit of 34032001?
0
What is the ten thousands digit of 1634408?
3
What is the thousands digit of 355443?
5
What is the thousands digit of 188879?
8
What is the hundred thousands digit of 8754557?
7
What is the tens digit of 9495409?
0
What is the hundreds digit of 652345?
3
What is the thousands digit of 13138?
3
What is the thousands digit of 1481977?
1
What is the units digit of 834096?
6
What is the millions digit of 10123649?
0
What is the hundred thousands digit of 732084?
7
What is the hundreds digit of 6602500?
5
What is the millions digit of 2522041?
2
What is the ten thousands digit of 63849?
6
What is the millions digit of 4653556?
4
What is the hundreds digit of 4059062?
0
What is the units digit of 1941434?
4
What is the hundreds digit of 998467?
4
What is the millions digit of 13249751?
3
What is the hundreds digit of 3389093?
0
What is the millions digit of 1771120?
1
What is the ten thousands digit of 139969?
3
What is the hundreds digit of 18677270?
2
What is the tens digit of 489999?
9
What is the hundred thousands digit of 2114127?
1
What is the hundred thousands digit of 205637?
2
What is the thousands digit of 1037793?
7
What is the hundreds digit of 3286623?
6
What is the hundred thousands digit of 999142?
9
What is the hundred thousands digit of 2156428?
1
What is the units digit of 276934?
4
What is the ten thousands digit of 78426?
7
What is the units digit of 1791930?
0
What is the millions digit of 39133801?
9
What is the hundreds digit of 2655375?
3
What is the units digit of 26913?
3
What is the units digit of 172703?
3
What is the hundreds digit of 294753?
7
What is the hundred thousands digit of 2456204?
4
What is the ten thousands digit of 298532?
9
What is the tens digit of 1346271?
7
What is the hundreds digit of 1707178?
1
What is the hundreds digit of 107076?
0
What is the tens digit of 45483?
8
What is the units digit of 577092?
2
What is the hundreds digit of 824567?
5
What is the thousands digit of 4045617?
5
What is the tens digit of 767997?
9
What is the tens digit of 132523?
2
What is the hundred thousands digit of 511922?
5
What is the millions digit of 6196535?
6
What is the units digit of 98280?
0
What is the tens digit of 2742982?
8
What is the tens digit of 9495686?
8
What is the hundred thousands digit of 462038?
4
What is the millions digit of 2852226?
2
What is the hundred thousands digit of 6099990?
0
What is the hundred thousands digit of 12106661?
1
What is the tens digit of 1453482?
8
What is the hundreds digit of 237850?
8
What is the tens digit of 32759413?
1
What is the hundred thousands digit of 34013339?
0
What is the units digit of 267119?
9
What is the tens digit of 1518097?
9
What is the tens digit of 1406488?
8
What is the ten thousands digit of 1846147?
4
What is the tens digit of 13530466?
6
What is the units digit of 2539304?
4
What is the tens digit of 2600773?
7
What is the hundred thousands digit of 3517441?
5
What is the thousands digit of 1306850?
6
What is the hundreds digit of 11324553?
5
What is the millions digit of 23527194?
3
What is the tens digit of 754163?
6
What is the thousands digit of 11352845?
2
What is the ten millions digit of 22422523?
2
What is the hundred thousands digit of 18396088?
3
What is the hundreds digit of 293509?
5
What is the hundreds digit of 544874?
8
What is the hundreds digit of 15999597?
5
What is the units digit of 149330?
0
What is the tens digit of 11067267?
6
What is the tens digit of 4288590?
9
What is the thousands digit of 1298705?
8
What is the hundreds digit of 1660628?
6
What is the hundreds digit of 41427?
4
What is the thousands digit of 422778?
2
What is the hundred thousands digit of 30774339?
7
What is the units digit of 3228062?
2
What is the ten thousands digit of 5539383?
3
What is the hundred thousands digit of 306219?
3
What is the units digit of 5945217?
7
What is the ten thousands digit of 2812823?
1
What is the tens digit of 23768?
6
What is the tens digit of 3117680?
8
What is the hundred thousands digit of 15002193?
0
What is the hundred thousands digit of 15469784?
4
What is the ten thousands digit of 300163?
0
What is the hundred thousands digit of 2635654?
6
What is the tens digit of 127036?
3
What is the tens digit of 21560886?
8
What is the thousands digit of 1482379?
2
What is the hundreds digit of 214547?
5
What is the hundreds digit of 70441?
4
What is the tens digit of 10151952?
5
What is the hundreds digit of 1214762?
7
What is the tens digit of 1612656?
5
What is the hundreds digit of 407091?
0
What is the thousands digit of 24512548?
2
What is the units digit of 682478?
8
What is the hundred thousands digit of 4233569?
2
What is the ten thousands digit of 343128?
4
What is the units digit of 1646185?
5
What is the millions digit of 24966034?
4
What is the hundred thousands digit of 848205?
8
What is the hundreds digit of 169569?
5
What is the hundred thousands digit of 353681?
3
What is the thousands digit of 152531?
2
What is the millions digit of 5861611?
5
What is the units digit of 12289391?
1
What is the hundreds digit of 750193?
1
What is the ten thousands digit of 5284455?
8
What is the thousands digit of 15095007?
5
What is the millions digit of 1611820?
1
What is the millions digit of 8126388?
8
What is the units digit of 7692?
2
What is the units digit of 88666?
6
What is the millions digit of 4533474?
4
What is the millions digit of 12787287?
2
What is the tens digit of 2526553?
5
What is the thousands digit of 586029?
6
What is the tens digit of 117596?
9
What is the tens digit of 129109?
0
What is the hundred thousands digit of 256021?
2
What is the units digit of 1147926?
6
What is the thousands digit of 1008438?
8
What is the hundreds digit of 338459?
4
What is the hundred thousands digit of 897331?
8
What is the tens digit of 155939?
3
What is the millions digit of 3157102?
3
What is the units digit of 93800?
0
What is the tens digit of 1146751?
5
What is the hundreds digit of 35782320?
3
What is the tens digit of 3957867?
6
What is the tens digit of 5534169?
6
What is the millions digit of 1101757?
1
What is the tens digit of 253682?
8
What is the hundreds digit of 1521290?
2
What is the millions digit of 3005875?
3
What is the ten millions digit of 17512394?
1
What is the tens digit of 993235?
3
What is the ten millions digit of 36351380?
3
What is the hundred thousands digit of 171203?
1
What is the tens digit of 2135911?
1
What is the tens digit of 1020253?
5
What is the units digit of 320717?
7
What is the hundreds digit of 1258595?
5
What is the hundred thousands digit of 224221?
2
What is the hundreds digit of 2106030?
0
What is the units digit of 26809002?
2
What is the millions digit of 1256997?
1
What is the hundred thousands digit of 2049989?
0
What is the thousands digit of 7074442?
4
What is the millions digit of 3304970?
3
What is the units digit of 4348687?
7
What is the tens digit of 635241?
4
What is the hundred thousands digit of 437938?
4
What is the hundreds digit of 409708?
7
What is the thousands digit of 714808?
4
What is the units digit of 273147?
7
What is the millions digit of 7631723?
7
What is the thousands digit of 19472724?
2
What is the units digit of 427790?
0
What is the tens digit of 3430075?
7
What is the millions digit of 2048184?
2
What is the tens digit of 1703300?
0
What is the hundred thousands digit of 191244?
1
What is the hundreds digit of 1957426?
4
What is the units digit of 216795?
5
What is the ten thousands digit of 83067?
8
What is the tens digit of 1186144?
4
What is the units digit of 107192?
2
What is the units digit of 150601?
1
What is the hundred thousands digit of 31891560?
8
What is the thousands digit of 3117288?
7
What is the millions digit of 7371281?
7
What is the hundred thousands digit of 6602371?
6
What is the hundreds digit of 1646079?
0
What is the hundreds digit of 85331?
3
What is the hundreds digit of 1157097?
0
What is the units digit of 469162?
2
What is the tens digit of 2433565?
6
What is the tens digit of 7295765?
6
What is the ten thousands digit of 6627871?
2
What is the thousands digit o